1180947043 a composite number?
False
Is 380999197 prime?
True
Is 51907973629 prime?
False
Is 2240757241 a prime number?
True
Is 432436189 prime?
False
Is 650587999 a prime number?
False
Is 549550393103 a composite number?
False
Is 234141259 a composite number?
True
Is 11020997153 prime?
True
Is 11568232399 composite?
False
Is 10223171449 composite?
False
Is 2765562403 composite?
False
Is 1351394609 prime?
False
Is 825256235 a composite number?
True
Is 35750273714 a composite number?
True
Is 5320161863 a composite number?
False
Is 22531641851 a prime number?
True
Is 16328866441 a composite number?
True
Is 66386147 a prime number?
False
Is 11127440431 a composite number?
True
Is 654988591 composite?
False
Is 39772826491 a prime number?
True
Is 5299682849 a composite number?
False
Is 47367490069 composite?
True
Is 509515463 a prime number?
False
Is 50052649999 a composite number?
True
Is 6140412107 composite?
False
Is 16165620593 prime?
True
Is 1490178713 prime?
True
Is 1672519391 a composite number?
False
Is 1207332431 a prime number?
False
Is 998438347 a composite number?
False
Is 413065568633 a composite number?
False
Is 1855217999 composite?
True
Is 9566988679 a composite number?
False
Is 344291599 prime?
False
Is 1645627099 a prime number?
False
Is 2931659149 composite?
False
Is 2995253201 prime?
False
Is 176335721 prime?
False
Is 478306163 a prime number?
True
Is 15101943951 a prime number?
False
Is 8364976397 composite?
False
Is 12404561707 a prime number?
True
Is 15608627753 composite?
True
Is 57673963 composite?
True
Is 154649123 prime?
True
Is 106480951 a composite number?
True
Is 37358208451 prime?
False
Is 843435049 prime?
False
Is 103852852526 composite?
True
Is 34221849281 a composite number?
False
Is 218037419 prime?
True
Is 1389426403 composite?
False
Is 44474783369 prime?
True
Is 2225499599 a composite number?
True
Is 55686810283 composite?
True
Is 9201081661 composite?
True
Is 1891562431 prime?
False
Is 6472954669 a prime number?
False
Is 10822538513 a composite number?
False
Is 5560507247 prime?
True
Is 1285118693 a composite number?
True
Is 14877733219 a composite number?
True
Is 12760229029 prime?
False
Is 737873467 prime?
False
Is 68188449247 a prime number?
True
Is 16963463453 a prime number?
True
Is 18960009967 prime?
True
Is 74801849 a prime number?
True
Is 4992112103 prime?
False
Is 6848368733 prime?
True
Is 5345477867 a prime number?
False
Is 15647491 a prime number?
False
Is 114809791 prime?
True
Is 2980748129 a composite number?
True
Is 1336143265 composite?
True
Is 88182192803 a composite number?
True
Is 5945619313 a composite number?
True
Is 2750530681 a prime number?
True
Is 72292201 prime?
True
Is 13867882973 composite?
True
Is 573917171 a prime number?
True
Is 1603301537 prime?
False
Is 1462830389 composite?
False
Is 3806680985 a prime number?
False
Is 196651489843 prime?
True
Is 2434850101 a composite number?
False
Is 1973764571 a prime number?
False
Is 56798354719 a composite number?
True
Is 47063597723 a prime number?
False
Is 498441353 a composite number?
True
Is 342601487 a composite number?
True
Is 2699105029 composite?
True
Is 197953649 a composite number?
False
Is 1821025757 prime?
False
Is 50473192641 a prime number?
False
Is 29747258 a composite number?
True
Is 769010969 a prime number?
True
Is 2245670831 a prime number?
False
Is 1762647505 a prime number?
False
Is 3177630227 a prime number?
True
Is 10974606073 composite?
False
Is 3309301691 composite?
False
Is 9215661947 a prime number?
True
Is 40455587839 a composite number?
False
Is 733553059 prime?
False
Is 8730390793 prime?
False
Is 63104643547 prime?
False
Is 2338088957 a composite number?
True
Is 16263367411 a composite number?
False
Is 305124467927 prime?
True
Is 7191068023 composite?
True
Is 8102867 prime?
True
Is 2062845881 composite?
True
Is 31306013021 prime?
True
Is 11933984963 a prime number?
False
Is 13081610879 a prime number?
True
Is 2671820267 prime?
True
Is 622316203 a composite number?
False
Is 250987974967 a prime number?
True
Is 161292149 prime?
True
Is 3311089289 a composite number?
False
Is 2683626601 a prime number?
True
Is 369953621 a prime number?
False
Is 26431037687 prime?
False
Is 588385007 a prime number?
False
Is 912451283 a composite number?
False
Is 381216961 composite?
True
Is 161401693 a prime number?
True
Is 41455377989 composite?
True
Is 68371319 prime?
True
Is 97879477 a composite number?
False
Is 290692783 prime?
False
Is 8913367601 a composite number?
False
Is 22847815 composite?
True
Is 45271329 prime?
False
Is 81968209621 composite?
False
Is 5477564671 a prime number?
False
Is 55333849937 a prime number?
True
Is 34819565531 a prime number?
True
Is 4059973651 a prime number?
False
Is 6956713739 a composite number?
True
Is 5969579003 a composite number?
True
Is 1336798963 prime?
False
Is 10848036683 a prime number?
False
Is 4620705469 composite?
False
Is 1492751363 a prime number?
False
Is 259994881 a prime number?
True
Is 14892578339 prime?
True
Is 328905419 a prime number?
True
Is 95634229 a prime number?
True
Is 134099203 a composite number?
True
Is 1891898891 prime?
False
Is 308266913 prime?
False
Is 600700079 a composite number?
True
Is 3487646333 prime?
False
Is 6247559221 composite?
False
Is 142563334229 a prime number?
True
Is 19575099759 a prime number?
False
Is 1645818883 composite?
True
Is 1009859447 a prime number?
True
Is 4412009533 composite?
False
Is 144513359 composite?
False
Is 1215958943 a prime number?
True
Is 958587769 a composite number?
False
Is 470642539 a composite number?
True
Is 749341553 a prime number?
True
Is 572448977 prime?
True
Is 27731724173 composite?
True
Is 3635231195 a prime number?
False
Is 5518920683 prime?
False
Is 3802626897 prime?
False
Is 356173714223 prime?
True
Is 33594226597 prime?
True
Is 112238831 prime?
False
Is 15621449737 a composite number?
True
Is 581990569 prime?
False
Is 2396149177 a prime number?
False
Is 88658809 prime?
False
Is 5542113011 composite?
True
Is 617132933 a composite number?
False
Is 548303897 a prime number?
True
Is 464654681 composite?
True
Is 105995682619 a composite number?
False
Is 639476353 a prime number?
True
Is 10366062641 a prime number?
False
Is 358665747161 a composite number?
False
Is 1506222573 a prime number?
False
Is 18040976801 prime?
False
Is 50102678777 a composite number?
False
Is 5143513357 composite?
False
Is 12590254199 a prime number?
True
Is 94649023351 a composite number?
False
Is 35321725849 a composite number?
False
Is 2441952515 prime?
False
Is 3792845923 composite?
False
Is 36558872567 a composite number?
True
Is 2054209391 a prime number?
False
Is 773493209 a prime number?
True
Is 3130681123 prime?
True
Is 11957275709 a composite number?
False
Is 12621310423 a prime number?
False
Is 26560371109 composite?
True
Is 1892834457 composite?
True
Is 4603146686 prime?
False
Is 17883509 composite?
True
Is 879569057 a prime number?
False
Is 106583227 prime?
False
Is 32846419391 prime?
True
Is 367324591 a prime number?
True
Is 20729975531 composite?
False
Is 22570243 composite?
True
Is 1078411981 composite?
True
Is 79220362031 composite?
False
Is 6244050803 a composite number?
False
Is 1627562159 a prime number?
False
Is 941733057 prime?
False
Is 18366796267 a composite number?
True
Is 40694397769 prime?
True
Is 1679949199 prime?
True
Is 6887207407 composite?
True
Is 15809582697 prime?
False
Is 327719629 composite?
True
Is 22359290707 a composite number?
True
Is 154577658545 composite?
True
Is 39738371951 prime?
False
Is 14956656461 a prime number?
False
Is 798213421 a prime number?
False
Is 4934061697 composite?
False
Is 1950678519 a prime number?
False
Is 4794412921 composite?
False
Is 49062833 a composite number?
True
Is 5983637 prime?
False
Is 3797292661 a composite number?
False
Is 1280325323 a prime number?
False
Is 14573165843 a prime number?
True
Is 753559613 composite?
False
Is 331502827679 a prime number?
True
Is 146955911 a prime number?
False
Is 171831769 a prime number?
True
Is 8773603031 composite?
False
Is 902864717 a prime number?
False
Is 6118111889 prime?
True
Is 4500305389 prime?
False
Is 2409779311 prime?
True
Is 1368323311 prime?
False
Is 8785855403 a composite number?
True
Is 1075727659 a prime num